))/(m/(-208)) composite?
True
Suppose 0*y + 5 = y. Suppose -x - 6 = -5*a, 4*x + 2 = -a + y*x. Is (-1 + a)/(3/237) a prime number?
True
Suppose -24 = -4*n + 12. Let l = 0 - n. Let a = l + 20. Is a a prime number?
True
Let w = 123 - 52. Is w a composite number?
False
Let x(m) = 196*m + 21. Is x(11) a prime number?
False
Let b(y) = 1867*y**2 + y + 1. Is b(-1) a composite number?
False
Suppose 5*f - 2709 = x, -2*f - x - 2*x = -1070. Is f composite?
False
Suppose 0 = 5*y + 4*a - 12, -4*a = -6*y + 2*y + 24. Suppose -y*s = -0*s. Suppose 0 = -3*d + 15, q = -s*d + 5*d + 42. Is q composite?
False
Suppose -a + 5*z + 190 = -200, 5*z - 2100 = -5*a. Is a a composite number?
True
Suppose -4*q + 202 = 4*g + g, 0 = 3*q - 9. Is g a composite number?
True
Let t(u) = -u**3 + 5*u**2 + 2*u - 5. Let n be t(5). Suppose 11 + 24 = -n*f. Let b = f - -13. Is b a prime number?
False
Is 30212/12 - (2/(-3))/2 composite?
True
Suppose 0 = 5*n + 6245 - 1465. Let w be n/6 - 5/(-15). Let t = -82 - w. Is t a composite number?
True
Suppose -4*f + 3*n - 15 = 0, -4*f + 2*n = 4*n - 10. Suppose i - 44 = -f*i. Is i*(-1 + 14/8) prime?
False
Suppose k - 4*k + 1038 = 0. Suppose -4*q = -i + 4*i - k, -q = 4*i - 444. Suppose 2*a + 3*a = i. Is a a prime number?
False
Suppose 0 = 3*b + 226 - 1213. Is b a composite number?
True
Suppose 2*q - 3 - 7 = 0. Suppose 4*u - q*m - 824 = -m, -u + 2*m = -201. Is u a composite number?
False
Let h be (1 - -1)*(1 - -2). Suppose 0 = -2*n - 0 + h. Suppose 5*g - 38 = n*g. Is g a prime number?
True
Let y = -463 + 821. Suppose 102 = -3*d + 783. Let x = y - d. Is x a composite number?
False
Suppose 43 - 13 = 2*o. Is o a prime number?
False
Let j be (-1)/(78/77 - 1). Let g = j - -112. Is g prime?
False
Let p(x) = -x**3 - 9*x**2 + 8*x - 14. Let m be p(-10). Suppose 11*t - m*t = -15. Is (-46)/t - 2/6 a composite number?
True
Suppose a - 4 = -2. Let f be (a - (-3)/(-6))*2. Suppose -f*v = n - 5*v - 153, -2*n = 2*v - 336. Is n composite?
False
Suppose 5*u = -4*b + 13181, -2*u + 5*b + 5250 = b. Is u a composite number?
False
Let x be 2/(-3) - (-22172)/12. Suppose z + 919 = 4*a - 2*a, -4*a - z = -x. Suppose 5*b - a = -46. Is b composite?
False
Suppose -q + 2*q + 56 = 0. Let s = 29 + q. Let x = s - -46. Is x a composite number?
False
Let w(z) = 7 + z + 4*z + 0*z - 4*z. Let a be w(7). Suppose 3*v = -3*d + 222, v - a = -2*d + 55. Is v a composite number?
False
Is ((-15)/12 - -1)/(2/(-536)) a prime number?
True
Let y(n) = -n**2 - 7*n - 4. Let a be y(-6). Suppose -k + 3*o = 2*k - 6, o = a*k - 4. Suppose w + 4*c = 49, k*c = -w - 3*c + 48. Is w composite?
False
Is 2511/(5 - 2) + 2 a composite number?
False
Let m be 4 - (-24)/(-3) - -56. Suppose -3*y + b + 495 = -2*b, -5*b = 3*y - 479. Suppose -y = -5*w + m. Is w a prime number?
True
Let t(p) = -p**2 + 4*p**3 - 2*p - 39*p**3 + p. Suppose -5 = 4*m + 5*f + 9, 5*m = -5*f - 15. Is t(m) a composite number?
True
Let g be (-104)/18 + 4/(-18). Let f = g + 20. Is f composite?
True
Suppose -5*o = -3*o - 270. Let v(t) = 74*t - 14. Let b be v(6). Suppose -5*n - o = -b. Is n a prime number?
True
Is 1*5/5 - -330 a composite number?
False
Is 3/(-6) + (-4667)/(-2) prime?
True
Let i be 0 - 2/(4/2). Let g be ((-2)/i)/((-3)/(-6)). Is 13/(-2)*(2 - g) composite?
False
Let t = 10 - 6. Let j = t - -11. Is j composite?
True
Let m be (0/(-1))/(3 - 1). Suppose 60 = 2*v + 2*g - 26, 4*v - 3*g - 151 = m. Suppose 5*z = -3*f + 262, -v - 51 = -f + 2*z. Is f a prime number?
True
Suppose 4*x - 22 - 50 = -2*k, 2*k = 5*x - 72. Suppose 4*m = 244 - x. Is m a composite number?
True
Let c = -28 - -59. Is c prime?
True
Let l(u) = u + 13. Let n(b) = -b**2 + b + 2. Let s be n(2). Let g be l(s). Let m = g + -6. Is m composite?
False
Suppose 0 = 5*w - 0*w - 155. Is w composite?
False
Suppose t + 1 = -3*d, t - d + 1 = -8. Let m(z) = -z**3 + 8*z**2 + 5*z + 7. Is m(t) prime?
False
Let j = 31 - 45. Let o = -4 - j. Let g = 151 + o. Is g a prime number?
False
Let p = 106 - 10. Suppose 3 = 3*k - p. Is k a composite number?
True
Suppose -10*n = -13*n. Suppose 5*p - 1053 = g + g, n = -5*p - g + 1041. Is p a composite number?
True
Is 17/(-3*1/(-21)) prime?
False
Let c(g) = 254*g**2 - 2*g - 2. Is c(-1) a composite number?
True
Let s = 10 + -6. Suppose 0 = 2*t - 10, 2*c = -t - s + 9. Suppose c = 5*a + 5*j - 115, 0*a - a + 23 = 4*j. Is a a composite number?
False
Let c(x) = 31*x. Let j(y) = -31*y. Let b = -4 - -7. Let l(t) = b*c(t) + 2*j(t). Is l(1) a prime number?
True
Suppose -3*n - 30 = -132. Suppose 3*w - 305 = n. Is w a prime number?
True
Let r(x) = -2*x - 2. Let a be r(-2). Suppose -4*f - 2*p + 12 = -3*f, -a*p = -10. Is (f + 87 - 2)*1 a composite number?
True
Suppose 2*a - 7*a = -565. Is a prime?
True
Let f(k) = 5*k**3 + 3*k**2 + 4*k - 7. Let g(d) = -6*d**3 - 3*d**2 - 5*d + 8. Let i(v) = -4*f(v) - 3*g(v). Is i(-3) composite?
True
Let b(g) = 9*g**3 + 3*g**2 - 3*g + 1. Let y be (1 - -1) + -1 + 1. Is b(y) a prime number?
True
Let m = -89 + 479. Let p be -1 - 0 - m/(-5). Suppose 2*r = -f + p, -5*r + 4*r = f - 80. Is f composite?
False
Suppose -3*j - 37 = -508. Is j prime?
True
Let z = -69 + 138. Is z a composite number?
True
Let k(i) = 3*i - 8. Let l = 11 + -10. Suppose -r + 6 = -l. Is k(r) a prime number?
True
Let q = 0 + 0. Suppose 2*w - 14 - 100 = q. Is w a prime number?
False
Let g(q) = 7*q**3 - 16*q**2 + 2*q - 21. Let c(h) = -11*h**3 + 24*h**2 - 3*h + 32. Let w(u) = 5*c(u) + 8*g(u). Let z be w(8). Is 0 + -2 - z - -23 a prime number?
False
Let s(b) = b**3 + 4*b**2 + b - 4. Let g be s(-4). Let t = g + 39. Is t composite?
False
Let q = -5 - -10. Suppose 36 = 2*k + q*d, -3*k + d + 8 = -29. Suppose o = -p + k, -o + 4*p = -0*o + 2. Is o a prime number?
False
Let x(k) be the third derivative of -k**6/120 + 7*k**5/60 + k**4/24 - k**3/6 - k**2. Let u be x(6). Let y = 5 + u. Is y a composite number?
True
Let h(j) be the second derivative of j**5/20 + j**4/3 + 5*j**3/6 + 2*j**2 + j. Let p be h(-3). Is 16 + (-6 - -2 - p) a prime number?
False
Suppose 8*p - 3*p - 465 = 0. Let b = p - -304. Is b a prime number?
True
Let f = 10 - 10. Suppose 2*s = 10, f = 4*z + s - 40 - 197. Is z composite?
True
Let q(d) = d**3 - 5*d**2 - 4*d - 3. Let f(w) = w**2 - 11*w + 6. Let r be f(11). Let u be q(r). Is (-18)/8*(-24)/u a composite number?
True
Suppose -2*q + 786 + 492 = 2*u, 2*q - 2*u = 1286. Is q prime?
True
Suppose 2*f - 2*v - 138 = 0, -f - v + 46 = -33. Let u be 6/(-21) - f/(-14). Suppose u*m - 159 = 2*m. Is m prime?
True
Let k = 8 - 6. Let j(m) = k*m**3 + 7 - 7*m**3 + 4*m + 6*m**3 - 6*m**2. Is j(5) composite?
False
Suppose 5*d + 8*j = 3*j + 25330, d - 5072 = -4*j. Is ((-2)/3)/((-16)/d) a composite number?
False
Let w be (95 + -2)/(-3) + -2. Let x be w/(-6) - (-2)/(-4). Suppose -x*g + 456 = -269. Is g a prime number?
False
Is ((-7364)/(-6))/((-9)/((-135)/10)) a composite number?
True
Suppose 0 = -2*p + 4 - 0. Let k = -4 + 7. Suppose p*u - 30 = -u - 4*i, -3*u - k*i + 30 = 0. Is u a composite number?
True
Suppose j - 4 = -j, -h + 5*j = -957. Is h composite?
False
Let p(t) = -23*t - 61 + 3*t**2 + 5*t**2 - 3*t**2. Let j(a) = a**2 - 6*a - 15. Let q(g) = -9*j(g) + 2*p(g). Is q(-10) a composite number?
True
Suppose -4*q + 2239 = 5*g, 155 = g + 4*q - 296. Is g prime?
False
Suppose -4*y - 5*s + 414 = 0, -2*y + 29 + 173 = 5*s. Let r be (18/(-15))/(8/(-140)). Let w = r + y. Is w a composite number?
False
Let m = -218 + 423. Is m a prime number?
False
Let p(t) = t**3 - t - 1. Let u(n) = -4*n**3 - 3*n**2 + 9*n + 3. Let f(l) = -5*p(l) - u(l). Let x be f(2). Is 33 - x/(1 + -2) a composite number?
False
Let q = -2 + -1. Is (q - -75)/4 - 3 a composite number?
True
Is 8/(-64) - 7698/(-16) composite?
True
Suppose -3*z - 1 = -3*d - 8*z, -4*d - 4*z + 4 = 0. Let m = -1 + d. Is (3/(-9))/(m/(-12)) composite?
True
Let c(f) = -f**3 + 8*f**2 - 5. Let z be c(7). Let u = z - 25. Is u a composite number?
False
Let l(m) = 7*m**2 + m - 2. Let r be l(-2). Let x = r + -5. Is x prime?
True
Is ((-2)/5)/(4/(-370)) a composite number?
False
Suppose -6*p = -3*p - k - 31, -4*p - 4*k + 52 = 0. Let u = 138 - p. Is u a composite number?
False
Let q(j) = -474*j**3 - 3*j**2 + 7*j - 4. Let b(r) = -158*r**3 - r**2 + 2*r - 1. Let f(p) = -7*b(p) + 2*q(p). Is f(1) a composite number?
True
Suppose -4*k = 5 + 3. Is (-103)/(-3) + k/(-3) prime?
False
